{"id":4,"date":"2025-01-28T03:22:51","date_gmt":"2025-01-28T03:22:51","guid":{"rendered":"https:\/\/tpmarketingbr.com\/inicio\/"},"modified":"2026-03-15T01:47:33","modified_gmt":"2026-03-15T01:47:33","slug":"about-us","status":"publish","type":"page","link":"https:\/\/tpmarketingbr.com\/?page_id=4","title":{"rendered":"About Us"},"content":{"rendered":"\n<div class=\"wp-block-group alignfull hostinger-ai-about-us-2 hostinger-ai-fade-up\"><div class=\"wp-block-group__inner-container is-layout-constrained wp-block-group-is-layout-constrained\">\n<div class=\"wp-block-group alignwide hostinger-ai-fade-up is-layout-grid wp-container-core-group-is-layout-229f90bc wp-block-group-is-layout-grid\" style=\"padding-top:var(--wp--preset--spacing--60);padding-right:0;padding-bottom:var(--wp--preset--spacing--60);padding-left:0\">\n<div class=\"wp-block-group hostinger-ai-fade-up\"><div class=\"wp-block-group__inner-container is-layout-constrained wp-block-group-is-layout-constrained\">\n<figure class=\"wp-block-image size-full has-custom-border hostinger-ai-image hostinger-index-1\"><img decoding=\"async\" src=\"https:\/\/images.unsplash.com\/photo-1553877522-43269d4ea984?crop=entropy&amp;cs=srgb&amp;fm=jpg&amp;ixid=M3w0NTI1Mzl8MHwxfHNlYXJjaHwxfHxtYXJrZXRpbmclMjBzZXJ2aWNlc3xlbnwwfHx8fDE3MzgwMzQ1NzB8MA&amp;ixlib=rb-4.0.3&amp;q=85&amp;w=584&amp;h=438&amp;fit=crop\" alt=\"\" class=\"wp-image-18\" style=\"border-radius:8px\"\/><\/figure>\n<\/div><\/div>\n\n\n\n<div class=\"wp-block-group hostinger-ai-fade-up wp-container-content-5e2576f9 is-vertical is-content-justification-left is-nowrap is-layout-flex wp-container-core-group-is-layout-e7b1e6ee wp-block-group-is-layout-flex\" style=\"padding-right:var(--wp--preset--spacing--60);padding-left:var(--wp--preset--spacing--60)\">\n<h2 class=\"wp-block-heading hostinger-ai-title has-dark-color has-text-color has-link-color has-x-large-font-size wp-elements-e75e93bbb46133bfc1471ae06b662427\" style=\"margin-top:0;margin-right:0;margin-bottom:0;margin-left:0;padding-bottom:var(--wp--preset--spacing--20)\">Sobre N\u00f3s<\/h2>\n\n\n\n<p class=\"hostinger-ai-description has-dark-color has-text-color has-link-color has-medium-font-size wp-elements-1daf845ae1c11ebf0b9691601ca5cf73\" style=\"margin-top:0;margin-bottom:var(--wp--preset--spacing--50)\">Na TP Marketing BR, oferecemos solu\u00e7\u00f5es completas em publicidade e marketing, atendendo a todos os nichos com servi\u00e7os personalizados e de alta qualidade.<\/p>\n\n\n\n<div class=\"wp-block-buttons is-layout-flex wp-block-buttons-is-layout-flex\">\n<div class=\"wp-block-button has-custom-font-size hostinger-ai-cta-button hostinger-index-0 has-medium-font-size\"><a class=\"wp-block-button__link has-dark-color has-text-color has-link-color has-border-color has-dark-border-color wp-element-button\" style=\"padding-top:var(--wp--preset--spacing--30);padding-right:var(--wp--preset--spacing--70);padding-bottom:var(--wp--preset--spacing--30);padding-left:var(--wp--preset--spacing--70)\">Saiba Mais<\/a><\/div>\n<\/div>\n<\/div>\n<\/div>\n<\/div><\/div>\n\n\n\n<div class=\"wp-block-group alignwide hostinger-ai-our-services-4 hostinger-ai-fade-up\" style=\"padding-top:0;padding-bottom:0\"><div class=\"wp-block-group__inner-container is-layout-constrained wp-block-group-is-layout-constrained\">\n<div class=\"wp-block-group alignwide hostinger-ai-fade-up is-nowrap is-layout-flex wp-container-core-group-is-layout-6c12b65d wp-block-group-is-layout-flex\" style=\"margin-bottom:0;padding-top:0;padding-bottom:var(--wp--preset--spacing--30)\">\n<div class=\"wp-block-columns is-layout-flex wp-container-core-columns-is-layout-9d6595d7 wp-block-columns-is-layout-flex\">\n<div class=\"wp-block-column is-layout-flow wp-block-column-is-layout-flow\" style=\"flex-basis:50%\">\n<h2 class=\"wp-block-heading hostinger-ai-service-title has-x-large-font-size\" style=\"margin-bottom:0\">Servi\u00e7os de Marketing<\/h2>\n<\/div>\n\n\n\n<div class=\"wp-block-column is-vertically-aligned-center has-small-font-size is-layout-constrained wp-block-column-is-layout-constrained\" style=\"flex-basis:50%\">\n<p class=\"hostinger-ai-service-description has-medium-font-size\">Oferecemos solu\u00e7\u00f5es completas em marketing, design, web e gest\u00e3o para todos os nichos empresariais.<\/p>\n<\/div>\n<\/div>\n<\/div>\n\n\n\n<div class=\"wp-block-group alignwide image-row hostinger-ai-fade-up is-layout-flex wp-block-group-is-layout-flex\" style=\"margin-bottom:0;padding-top:var(--wp--preset--spacing--30)\">\n<figure class=\"wp-block-image size-full has-custom-border hostinger-ai-service-image hostinger-index-4\"><img decoding=\"async\" src=\"https:\/\/images.unsplash.com\/photo-1519389950473-47ba0277781c?crop=entropy&amp;cs=srgb&amp;fm=jpg&amp;ixid=M3w0NTI1Mzl8MHwxfHNlYXJjaHwyfHxtYXJrZXRpbmclMjBzZXJ2aWNlc3xlbnwwfHx8fDE3MzgwMzQ1NzB8MA&amp;ixlib=rb-4.0.3&amp;q=85&amp;w=700&amp;h=320&amp;fit=crop\" alt=\"\" class=\"wp-image-554\" style=\"border-radius:8px\"\/><\/figure>\n\n\n\n<figure class=\"wp-block-image alignfull size-full has-custom-border hostinger-ai-service-image hostinger-index-5\"><img decoding=\"async\" src=\"https:\/\/images.unsplash.com\/photo-1562577308-9e66f0c65ce5?crop=entropy&amp;cs=srgb&amp;fm=jpg&amp;ixid=M3w0NTI1Mzl8MHwxfHNlYXJjaHwzfHxtYXJrZXRpbmclMjBzZXJ2aWNlc3xlbnwwfHx8fDE3MzgwMzQ1NzB8MA&amp;ixlib=rb-4.0.3&amp;q=85&amp;w=400&amp;h=320&amp;fit=crop\" alt=\"\" class=\"wp-image-555\" style=\"border-radius:8px\"\/><\/figure>\n<\/div>\n<\/div><\/div>\n\n\n\n<div class=\"wp-block-group alignwide hostinger-ai-fade-up hostinger-ai-customer-reviews-3 is-content-justification-center is-nowrap is-layout-flex wp-container-core-group-is-layout-94bc23d7 wp-block-group-is-layout-flex\">\n<div class=\"wp-block-group alignwide hostinger-ai-fade-up\"><div class=\"wp-block-group__inner-container is-layout-flow wp-block-group-is-layout-flow\">\n<div class=\"wp-block-columns is-layout-flex wp-container-core-columns-is-layout-9d6595d7 wp-block-columns-is-layout-flex\">\n<div class=\"wp-block-column is-layout-flow wp-block-column-is-layout-flow\" style=\"flex-basis:40%\">\n<h2 class=\"wp-block-heading alignfull has-text-align-left hostinger-ai-subtitle has-dark-color has-text-color has-link-color has-x-large-font-size wp-elements-763dfac0d53491f101ae73cae278a82c\" style=\"margin-bottom:var(--wp--preset--spacing--50)\">Avalia\u00e7\u00f5es de Clientes<\/h2>\n<\/div>\n\n\n\n<div class=\"wp-block-column is-layout-flow wp-block-column-is-layout-flow\" style=\"flex-basis:60%\">\n<div class=\"wp-block-group is-vertical is-layout-flex wp-container-core-group-is-layout-8cf370e7 wp-block-group-is-layout-flex\">\n<div class=\"wp-block-group hostinger-ai-fade-up is-nowrap is-layout-flex wp-container-core-group-is-layout-99dd49c9 wp-block-group-is-layout-flex\" style=\"padding-bottom:var(--wp--preset--spacing--40)\">\n<figure class=\"wp-block-image size-full has-custom-border hostinger-ai-testimonial-image hostinger-index-3\"><img decoding=\"async\" src=\"https:\/\/images.unsplash.com\/photo-1583692331507-fc0bd348695d?crop=entropy&amp;cs=srgb&amp;fm=jpg&amp;ixid=M3w0NTI1Mzl8MHwxfHNlYXJjaHw2fHxtYW4lMjBmYWNlfGVufDB8fHx8MTczODAxOTk2Nnww&amp;ixlib=rb-4.0.3&amp;q=85&amp;w=180&amp;h=200&amp;fit=crop\" alt=\"\" class=\"wp-image-266\" style=\"border-radius:8px;object-fit:cover\"\/><\/figure>\n\n\n\n<p class=\"hostinger-ai-testimonial-text hostinger-index-1 has-dark-color has-text-color has-link-color has-medium-font-size wp-elements-3c8f0478bc61d25308a521c05de6d2d2 wp-container-content-69bc4bdf\" style=\"padding-left:var(--wp--preset--spacing--20)\">\u201dA TP Marketing BR transformou nossa presen\u00e7a online com um servi\u00e7o excepcional e dedicado.\u201d<\/p>\n<\/div>\n\n\n\n<div class=\"wp-block-group hostinger-ai-fade-up is-nowrap is-layout-flex wp-container-core-group-is-layout-ad2f72ca wp-block-group-is-layout-flex\">\n<figure class=\"wp-block-image size-full has-custom-border hostinger-ai-testimonial-image hostinger-index-4\"><img decoding=\"async\" src=\"https:\/\/images.unsplash.com\/photo-1605691408200-534bee0d52c1?crop=entropy&amp;cs=srgb&amp;fm=jpg&amp;ixid=M3w0NTI1Mzl8MHwxfHNlYXJjaHw5fHx3b21hbiUyMGZhY2V8ZW58MHx8fHwxNzM3OTk1MzQyfDA&amp;ixlib=rb-4.0.3&amp;q=85&amp;w=180&amp;h=200&amp;fit=crop\" alt=\"\" class=\"wp-image-265\" style=\"border-radius:8px;object-fit:cover\"\/><\/figure>\n\n\n\n<p class=\"hostinger-ai-testimonial-text has-dark-color has-text-color has-link-color has-medium-font-size wp-elements-45d88e288800e210069f4c71a08873ba wp-container-content-69bc4bdf\" style=\"padding-left:var(--wp--preset--spacing--20)\">\u201dExcelente atendimento e resultados incr\u00edveis! Recomendo para quem busca qualidade em marketing.\u201d<\/p>\n<\/div>\n<\/div>\n<\/div>\n<\/div>\n<\/div><\/div>\n<\/div>\n\n\n\n<div class=\"wp-block-group alignfull hostinger-ai-solid-block hostinger-ai-fade-up has-color-1-background-color has-background\" style=\"padding-top:var(--wp--preset--spacing--60);padding-bottom:var(--wp--preset--spacing--60)\"><div class=\"wp-block-group__inner-container is-layout-constrained wp-block-group-is-layout-constrained\">\n<div class=\"wp-block-group alignwide hostinger-ai-fade-up is-vertical is-content-justification-center is-nowrap is-layout-flex wp-container-core-group-is-layout-2445e12c wp-block-group-is-layout-flex\" style=\"min-height:0px;padding-top:0;padding-bottom:0\">\n<div class=\"wp-block-group hostinger-ai-fade-up wp-container-content-69bc4bdf is-content-justification-center\"><div class=\"wp-block-group__inner-container is-layout-constrained wp-block-group-is-layout-constrained\">\n<h2 class=\"wp-block-heading has-text-align-center hostinger-ai-title has-dark-color has-text-color has-link-color has-x-large-font-size wp-elements-871b867666e54995a60f108ff63882dc\" style=\"margin-top:0;margin-right:0;margin-bottom:0;margin-left:0\">Impulsione Seu Neg\u00f3cio<\/h2>\n\n\n\n<p class=\"has-text-align-center hostinger-ai-description has-dark-color has-text-color has-link-color has-medium-font-size wp-elements-e2f82fb9d3bd65c802ed6b7291a5c46d\" style=\"margin-top:var(--wp--preset--spacing--20);margin-bottom:var(--wp--preset--spacing--50)\">Descubra nossos servi\u00e7os de marketing e publicidade para todos os nichos. Transforme sua presen\u00e7a online e offline conosco!<\/p>\n\n\n\n<div class=\"wp-block-buttons is-content-justification-center is-layout-flex wp-container-core-buttons-is-layout-16018d1d wp-block-buttons-is-layout-flex\">\n<div class=\"wp-block-button has-custom-font-size hostinger-ai-cta-button has-medium-font-size\"><a class=\"wp-block-button__link has-dark-color has-accent-background-color has-text-color has-background has-link-color has-border-color has-dark-border-color wp-element-button\" href=\"https:\/\/wa.me\/5541998185575?text=Ol%C3%A1,%20gostaria%20de%20saber%20mais%20sobre%20os%20vossos%20servi%C3%A7os!\" style=\"padding-top:var(--wp--preset--spacing--30);padding-right:var(--wp--preset--spacing--70);padding-bottom:var(--wp--preset--spacing--30);padding-left:var(--wp--preset--spacing--70)\"><strong>Come\u00e7ar<\/strong><\/a><\/div>\n<\/div>\n<\/div><\/div>\n<\/div>\n<\/div><\/div>\n","protected":false},"excerpt":{"rendered":"<p>Sobre N\u00f3s Na TP Marketing BR, oferecemos solu\u00e7\u00f5es completas em publicidade e marketing, atendendo a todos os nichos com servi\u00e7os personalizados e de alta qualidade. Servi\u00e7os de Marketing Oferecemos solu\u00e7\u00f5es completas em marketing, design, web e gest\u00e3o para todos os nichos empresariais. Avalia\u00e7\u00f5es de Clientes \u201dA TP Marketing BR transformou nossa presen\u00e7a online com um servi\u00e7o excepcional e dedicado.\u201d \u201dExcelente atendimento e resultados incr\u00edveis! Recomendo para quem busca qualidade em marketing.\u201d Impulsione Seu Neg\u00f3cio Descubra nossos servi\u00e7os de marketing e publicidade para todos os nichos. Transforme sua presen\u00e7a online e offline conosco!<\/p>\n","protected":false},"author":1,"featured_media":0,"parent":0,"menu_order":0,"comment_status":"closed","ping_status":"closed","template":"","meta":{"footnotes":""},"class_list":["post-4","page","type-page","status-publish","hentry"],"yoast_head":"<!-- This site is optimized with the Yoast SEO plugin v27.5 - https:\/\/yoast.com\/product\/yoast-seo-wordpress\/ -->\n<title>About Us - TP Marketing BR<\/title>\n<meta name=\"robots\" content=\"index, follow, max-snippet:-1, max-image-preview:large, max-video-preview:-1\" \/>\n<link rel=\"canonical\" href=\"https:\/\/tpmarketingbr.com\/?page_id=4\" \/>\n<meta property=\"og:locale\" content=\"en_US\" \/>\n<meta property=\"og:type\" content=\"article\" \/>\n<meta property=\"og:title\" content=\"About Us - TP Marketing BR\" \/>\n<meta property=\"og:description\" content=\"Sobre N\u00f3s Na TP Marketing BR, oferecemos solu\u00e7\u00f5es completas em publicidade e marketing, atendendo a todos os nichos com servi\u00e7os personalizados e de alta qualidade. Servi\u00e7os de Marketing Oferecemos solu\u00e7\u00f5es completas em marketing, design, web e gest\u00e3o para todos os nichos empresariais. Avalia\u00e7\u00f5es de Clientes \u201dA TP Marketing BR transformou nossa presen\u00e7a online com um servi\u00e7o excepcional e dedicado.\u201d \u201dExcelente atendimento e resultados incr\u00edveis! Recomendo para quem busca qualidade em marketing.\u201d Impulsione Seu Neg\u00f3cio Descubra nossos servi\u00e7os de marketing e publicidade para todos os nichos. Transforme sua presen\u00e7a online e offline conosco!\" \/>\n<meta property=\"og:url\" content=\"https:\/\/tpmarketingbr.com\/?page_id=4\" \/>\n<meta property=\"og:site_name\" content=\"TP Marketing BR\" \/>\n<meta property=\"article:modified_time\" content=\"2026-03-15T01:47:33+00:00\" \/>\n<meta name=\"twitter:card\" content=\"summary_large_image\" \/>\n<meta name=\"twitter:label1\" content=\"Est. reading time\" \/>\n\t<meta name=\"twitter:data1\" content=\"1 minute\" \/>\n<script type=\"application\/ld+json\" class=\"yoast-schema-graph\">{\"@context\":\"https:\\\/\\\/schema.org\",\"@graph\":[{\"@type\":\"WebPage\",\"@id\":\"https:\\\/\\\/tpmarketingbr.com\\\/?page_id=4\",\"url\":\"https:\\\/\\\/tpmarketingbr.com\\\/?page_id=4\",\"name\":\"About Us - TP Marketing BR\",\"isPartOf\":{\"@id\":\"https:\\\/\\\/tpmarketingbr.com\\\/#website\"},\"primaryImageOfPage\":{\"@id\":\"https:\\\/\\\/tpmarketingbr.com\\\/?page_id=4#primaryimage\"},\"image\":{\"@id\":\"https:\\\/\\\/tpmarketingbr.com\\\/?page_id=4#primaryimage\"},\"thumbnailUrl\":\"https:\\\/\\\/images.unsplash.com\\\/photo-1553877522-43269d4ea984?crop=entropy&amp;cs=srgb&amp;fm=jpg&amp;ixid=M3w0NTI1Mzl8MHwxfHNlYXJjaHwxfHxtYXJrZXRpbmclMjBzZXJ2aWNlc3xlbnwwfHx8fDE3MzgwMzQ1NzB8MA&amp;ixlib=rb-4.0.3&amp;q=85&amp;w=584&amp;h=438&amp;fit=crop\",\"datePublished\":\"2025-01-28T03:22:51+00:00\",\"dateModified\":\"2026-03-15T01:47:33+00:00\",\"breadcrumb\":{\"@id\":\"https:\\\/\\\/tpmarketingbr.com\\\/?page_id=4#breadcrumb\"},\"inLanguage\":\"en-US\",\"potentialAction\":[{\"@type\":\"ReadAction\",\"target\":[\"https:\\\/\\\/tpmarketingbr.com\\\/?page_id=4\"]}]},{\"@type\":\"ImageObject\",\"inLanguage\":\"en-US\",\"@id\":\"https:\\\/\\\/tpmarketingbr.com\\\/?page_id=4#primaryimage\",\"url\":\"https:\\\/\\\/images.unsplash.com\\\/photo-1553877522-43269d4ea984?crop=entropy&amp;cs=srgb&amp;fm=jpg&amp;ixid=M3w0NTI1Mzl8MHwxfHNlYXJjaHwxfHxtYXJrZXRpbmclMjBzZXJ2aWNlc3xlbnwwfHx8fDE3MzgwMzQ1NzB8MA&amp;ixlib=rb-4.0.3&amp;q=85&amp;w=584&amp;h=438&amp;fit=crop\",\"contentUrl\":\"https:\\\/\\\/images.unsplash.com\\\/photo-1553877522-43269d4ea984?crop=entropy&amp;cs=srgb&amp;fm=jpg&amp;ixid=M3w0NTI1Mzl8MHwxfHNlYXJjaHwxfHxtYXJrZXRpbmclMjBzZXJ2aWNlc3xlbnwwfHx8fDE3MzgwMzQ1NzB8MA&amp;ixlib=rb-4.0.3&amp;q=85&amp;w=584&amp;h=438&amp;fit=crop\"},{\"@type\":\"BreadcrumbList\",\"@id\":\"https:\\\/\\\/tpmarketingbr.com\\\/?page_id=4#breadcrumb\",\"itemListElement\":[{\"@type\":\"ListItem\",\"position\":1,\"name\":\"Home\",\"item\":\"https:\\\/\\\/tpmarketingbr.com\\\/\"},{\"@type\":\"ListItem\",\"position\":2,\"name\":\"About Us\"}]},{\"@type\":\"WebSite\",\"@id\":\"https:\\\/\\\/tpmarketingbr.com\\\/#website\",\"url\":\"https:\\\/\\\/tpmarketingbr.com\\\/\",\"name\":\"TP Marketing BR\",\"description\":\"Venture Building. Brand Strategy. Business Growth.\",\"publisher\":{\"@id\":\"https:\\\/\\\/tpmarketingbr.com\\\/#organization\"},\"potentialAction\":[{\"@type\":\"SearchAction\",\"target\":{\"@type\":\"EntryPoint\",\"urlTemplate\":\"https:\\\/\\\/tpmarketingbr.com\\\/?s={search_term_string}\"},\"query-input\":{\"@type\":\"PropertyValueSpecification\",\"valueRequired\":true,\"valueName\":\"search_term_string\"}}],\"inLanguage\":\"en-US\"},{\"@type\":\"Organization\",\"@id\":\"https:\\\/\\\/tpmarketingbr.com\\\/#organization\",\"name\":\"TP Marketing BR\",\"url\":\"https:\\\/\\\/tpmarketingbr.com\\\/\",\"logo\":{\"@type\":\"ImageObject\",\"inLanguage\":\"en-US\",\"@id\":\"https:\\\/\\\/tpmarketingbr.com\\\/#\\\/schema\\\/logo\\\/image\\\/\",\"url\":\"https:\\\/\\\/tpmarketingbr.com\\\/wp-content\\\/uploads\\\/2026\\\/03\\\/cropped-cropped-283e2422-1ac2-4792-b857-9ee5db8663d5.jpg\",\"contentUrl\":\"https:\\\/\\\/tpmarketingbr.com\\\/wp-content\\\/uploads\\\/2026\\\/03\\\/cropped-cropped-283e2422-1ac2-4792-b857-9ee5db8663d5.jpg\",\"width\":512,\"height\":512,\"caption\":\"TP Marketing BR\"},\"image\":{\"@id\":\"https:\\\/\\\/tpmarketingbr.com\\\/#\\\/schema\\\/logo\\\/image\\\/\"},\"sameAs\":[\"https:\\\/\\\/www.linkedin.com\\\/company\\\/tp-marketing-br\\\/\"]}]}<\/script>\n<!-- \/ Yoast SEO plugin. -->","yoast_head_json":{"title":"About Us - TP Marketing BR","robots":{"index":"index","follow":"follow","max-snippet":"max-snippet:-1","max-image-preview":"max-image-preview:large","max-video-preview":"max-video-preview:-1"},"canonical":"https:\/\/tpmarketingbr.com\/?page_id=4","og_locale":"en_US","og_type":"article","og_title":"About Us - TP Marketing BR","og_description":"Sobre N\u00f3s Na TP Marketing BR, oferecemos solu\u00e7\u00f5es completas em publicidade e marketing, atendendo a todos os nichos com servi\u00e7os personalizados e de alta qualidade. Servi\u00e7os de Marketing Oferecemos solu\u00e7\u00f5es completas em marketing, design, web e gest\u00e3o para todos os nichos empresariais. Avalia\u00e7\u00f5es de Clientes \u201dA TP Marketing BR transformou nossa presen\u00e7a online com um servi\u00e7o excepcional e dedicado.\u201d \u201dExcelente atendimento e resultados incr\u00edveis! Recomendo para quem busca qualidade em marketing.\u201d Impulsione Seu Neg\u00f3cio Descubra nossos servi\u00e7os de marketing e publicidade para todos os nichos. Transforme sua presen\u00e7a online e offline conosco!","og_url":"https:\/\/tpmarketingbr.com\/?page_id=4","og_site_name":"TP Marketing BR","article_modified_time":"2026-03-15T01:47:33+00:00","twitter_card":"summary_large_image","twitter_misc":{"Est. reading time":"1 minute"},"schema":{"@context":"https:\/\/schema.org","@graph":[{"@type":"WebPage","@id":"https:\/\/tpmarketingbr.com\/?page_id=4","url":"https:\/\/tpmarketingbr.com\/?page_id=4","name":"About Us - TP Marketing BR","isPartOf":{"@id":"https:\/\/tpmarketingbr.com\/#website"},"primaryImageOfPage":{"@id":"https:\/\/tpmarketingbr.com\/?page_id=4#primaryimage"},"image":{"@id":"https:\/\/tpmarketingbr.com\/?page_id=4#primaryimage"},"thumbnailUrl":"https:\/\/images.unsplash.com\/photo-1553877522-43269d4ea984?crop=entropy&amp;cs=srgb&amp;fm=jpg&amp;ixid=M3w0NTI1Mzl8MHwxfHNlYXJjaHwxfHxtYXJrZXRpbmclMjBzZXJ2aWNlc3xlbnwwfHx8fDE3MzgwMzQ1NzB8MA&amp;ixlib=rb-4.0.3&amp;q=85&amp;w=584&amp;h=438&amp;fit=crop","datePublished":"2025-01-28T03:22:51+00:00","dateModified":"2026-03-15T01:47:33+00:00","breadcrumb":{"@id":"https:\/\/tpmarketingbr.com\/?page_id=4#breadcrumb"},"inLanguage":"en-US","potentialAction":[{"@type":"ReadAction","target":["https:\/\/tpmarketingbr.com\/?page_id=4"]}]},{"@type":"ImageObject","inLanguage":"en-US","@id":"https:\/\/tpmarketingbr.com\/?page_id=4#primaryimage","url":"https:\/\/images.unsplash.com\/photo-1553877522-43269d4ea984?crop=entropy&amp;cs=srgb&amp;fm=jpg&amp;ixid=M3w0NTI1Mzl8MHwxfHNlYXJjaHwxfHxtYXJrZXRpbmclMjBzZXJ2aWNlc3xlbnwwfHx8fDE3MzgwMzQ1NzB8MA&amp;ixlib=rb-4.0.3&amp;q=85&amp;w=584&amp;h=438&amp;fit=crop","contentUrl":"https:\/\/images.unsplash.com\/photo-1553877522-43269d4ea984?crop=entropy&amp;cs=srgb&amp;fm=jpg&amp;ixid=M3w0NTI1Mzl8MHwxfHNlYXJjaHwxfHxtYXJrZXRpbmclMjBzZXJ2aWNlc3xlbnwwfHx8fDE3MzgwMzQ1NzB8MA&amp;ixlib=rb-4.0.3&amp;q=85&amp;w=584&amp;h=438&amp;fit=crop"},{"@type":"BreadcrumbList","@id":"https:\/\/tpmarketingbr.com\/?page_id=4#breadcrumb","itemListElement":[{"@type":"ListItem","position":1,"name":"Home","item":"https:\/\/tpmarketingbr.com\/"},{"@type":"ListItem","position":2,"name":"About Us"}]},{"@type":"WebSite","@id":"https:\/\/tpmarketingbr.com\/#website","url":"https:\/\/tpmarketingbr.com\/","name":"TP Marketing BR","description":"Venture Building. Brand Strategy. Business Growth.","publisher":{"@id":"https:\/\/tpmarketingbr.com\/#organization"},"potentialAction":[{"@type":"SearchAction","target":{"@type":"EntryPoint","urlTemplate":"https:\/\/tpmarketingbr.com\/?s={search_term_string}"},"query-input":{"@type":"PropertyValueSpecification","valueRequired":true,"valueName":"search_term_string"}}],"inLanguage":"en-US"},{"@type":"Organization","@id":"https:\/\/tpmarketingbr.com\/#organization","name":"TP Marketing BR","url":"https:\/\/tpmarketingbr.com\/","logo":{"@type":"ImageObject","inLanguage":"en-US","@id":"https:\/\/tpmarketingbr.com\/#\/schema\/logo\/image\/","url":"https:\/\/tpmarketingbr.com\/wp-content\/uploads\/2026\/03\/cropped-cropped-283e2422-1ac2-4792-b857-9ee5db8663d5.jpg","contentUrl":"https:\/\/tpmarketingbr.com\/wp-content\/uploads\/2026\/03\/cropped-cropped-283e2422-1ac2-4792-b857-9ee5db8663d5.jpg","width":512,"height":512,"caption":"TP Marketing BR"},"image":{"@id":"https:\/\/tpmarketingbr.com\/#\/schema\/logo\/image\/"},"sameAs":["https:\/\/www.linkedin.com\/company\/tp-marketing-br\/"]}]}},"_links":{"self":[{"href":"https:\/\/tpmarketingbr.com\/index.php?rest_route=\/wp\/v2\/pages\/4","targetHints":{"allow":["GET"]}}],"collection":[{"href":"https:\/\/tpmarketingbr.com\/index.php?rest_route=\/wp\/v2\/pages"}],"about":[{"href":"https:\/\/tpmarketingbr.com\/index.php?rest_route=\/wp\/v2\/types\/page"}],"author":[{"embeddable":true,"href":"https:\/\/tpmarketingbr.com\/index.php?rest_route=\/wp\/v2\/users\/1"}],"replies":[{"embeddable":true,"href":"https:\/\/tpmarketingbr.com\/index.php?rest_route=%2Fwp%2Fv2%2Fcomments&post=4"}],"version-history":[{"count":3,"href":"https:\/\/tpmarketingbr.com\/index.php?rest_route=\/wp\/v2\/pages\/4\/revisions"}],"predecessor-version":[{"id":212,"href":"https:\/\/tpmarketingbr.com\/index.php?rest_route=\/wp\/v2\/pages\/4\/revisions\/212"}],"wp:attachment":[{"href":"https:\/\/tpmarketingbr.com\/index.php?rest_route=%2Fwp%2Fv2%2Fmedia&parent=4"}],"curies":[{"name":"wp","href":"https:\/\/api.w.org\/{rel}","templated":true}]}}